.
3
Evaluate 12 + -22 + 8 + -1 + 0.
-3
Evaluate (1 - -1) + 4 + -8.
-2
What is the value of -6 + (2 - -1) - (0 - 4)?
1
Calculate 21 + (-17 - -6) + -2.
8
What is 3 - 2 - (0 + -4)?
5
Calculate -2 + 4 + (-9 - -8).
1
What is the value of (-4 + (-1 - -5) - -4) + 1?
5
2 - 1 - (-18 + 19)
0
What is the value of 2 - (-5 - -4 - -5) - -7?
5
(-14 - -2) + 9 + -4
-7
What is the value of 6 + (-15 - -8) + 3?
2
Calculate -3 + 6 - (-9 - -8).
4
Calculate 8 + (-6 + 9 - 5).
6
What is 1 + (-4 - -1) + 2?
0
Evaluate 0 + 4 - (-6 + 11).
-1
-14 - -16 - (0 - -3 - -3)
-4
What is the value of (-1 + -1 - -5) + 0 + 0?
3
What is 5 + -8 + -6 + 10?
1
Calculate (3 - 7) + -13 + 8.
-9
What is (-98 - -98) + (6 - 0)?
6
Evaluate 3 - (1 + 3 + (3 - -1)).
-5
What is 0 + (-20 + 4 - -5 - -5)?
-6
What is the value of -3 - (4 + -5 + 0 + 0)?
-2
Evaluate -1 - -8 - (-16 - (9 - 21)).
11
Evaluate 0 - 0 - (4 - -1).
-5
Evaluate 1 + -2 - (-12 - -8).
3
-8 + -8 + (-1 - -12)
-5
-9 - (2 - (-8 + 10))
-9
Evaluate -10 - (-21 + -1 + 13).
-1
4 + (3 + (-1 - 0) - 1)
5
Evaluate 0 + (3 - 0) + -5.
-2
What is the value of 1 - 2 - (-3 + 4)?
-2
Calculate 7 + 1 - 8 - (-2 + 5).
-3
Calculate -9 + 10 + 2 + -7.
-4
What is 6 - (-2 + -2 + 9 - 3)?
4
0 + 0 - (2 + -6)
4
What is 19 + 0 + 36 + -46?
9
Calculate (4 - 12 - -6) + 3.
1
What is the value of (2 - -5) + 9 + -9?
7
Calculate 2 - 4 - (3 + -2).
-3
What is the value of 11 - (17 + -8 - -10)?
-8
What is the value of -4 + 1 + 0 + (-1 - 1)?
-5
What is the value of (0 + 3 - 5) + -2 + 1?
-3
Calculate 7 + -13 + 8 + 3.
5
3 - (-6 - (1 + -7))
3
What is 5 + -19 + 12 - -6?
4
What is -1 + 4 + 2 + -2?
3
-1 + 1 + 11 + (5 - 10)
6
Calculate 2 - (1 + (2 - 7) - -5).
1
Evaluate 4 - -4 - (9 - -7) - -3.
-5
(-1 - -8 - -6) + -11
2
Calculate -4 + 8 + 1 - (1 - -1).
3
What is (-10 - -16 - 4) + -1 + -3?
-2
Evaluate 0 - (7 + -3) - (0 - 3).
-1
What is the value of -4 + (4 - (10 + -2))?
-8
Calculate -1 - (0 + 0 - (0 - -3)).
2
What is the value of 19 + -17 + 1 + -1 + 4?
6
What is the value of (-1 - (3 + -3)) + 11 + -9?
1
What is -1 - (4 + -10 + 6 + 7)?
-8
Calculate -5 - (-15 + 8 + 1).
1
What is 62 + -64 - (-3 - (1 + 2))?
4
Calculate 1 + 0 - (-8 + 0 + 4).
5
What is 11 + 5 + (1 - 0 - 8)?
9
What is the value of (6 - 3) + 1 - 1?
3
What is 1 - (0 - (2 - 1 - 2))?
0
What is 0 + -3 + (2 - 1) + 2?
0
Calculate -16 + 13 + (13 - 13).
-3
Evaluate -5 + -8 + 15 + 1.
3
-3 + 1 + -2 + 5 + -6
-5
What is (-8 - (-3 + 1)) + 4 + -1?
-3
Calculate 3 + (0 - (-4 + -2)).
9
(-1 - (-7 + 3)) + 2
5
Evaluate 1 + 1 + -1 + -6.
-5
Evaluate -2 - (-10 + 4 + 1).
3
Calculate 4 + -9 + 3 - -7.
5
Evaluate 2 + 6 + (-2 - 1).
5
What is 4 + -1 + -6 + (3 - -3)?
3
2 - ((-6 - -1) + (10 - 6))
3
What is the value of -2 + (4 - 17 - -9)?
-6
0 - (-4 + 5) - -2
1
Calculate (-8 - -12) + (-3 - -2).
3
Calculate (2 - 7 - (1 - 7)) + -2.
-1
1 + 1 - (-5 - (-7 - 2))
-2
What is the value of (5 - 1) + (-8 - -1)?
-3
What is -1 - ((-9 - -1) + 6)?
1
What is the value of 4 - (-2 - -10) - -8?
4
What is the value of 2 - (4 + 4) - -5?
-1
Calculate (5 - 1) + (-21 - -14).
-3
What is 4 + 0 + 1 + 111 + -117?
-1
What is -6 - (-1 + 5) - -14?
4
What is (3 - 0 - -3) + -1 - 1?
4
What is the value of 10 + -8 + (-2 - 4)?
-4
(9 - 4) + -7 - 0
-2
2 + -1 + -2 + -7 + 9
1
Calculate -3 + -1 + (-5 + 7 - 3).
-5
What is 5 + -2 - (26 - 32)?
9
What is (1 - (1 - (4 - 3))) + -4?
-3
Calculate -4 + (-2 - (-3 - 2) - 0).
-1
(-8 - -6) + (3 - -2)
3
What is the value of -1 + (-3 - -6) + 1 + -4?
-1
Evaluate (-3 - 0) + -1 + 1.
-3
Calculate 2 + -21 + 12 + 3.
-4
What is -1 + -8 + (-1 - -6)?
-4
What is the value of 2 - 3 - ((0 - 1) + 4)?
-4
What is 6 + (1 + 7 - 16)?
-2
Evaluate -13 - (-11 - -11 - 10).
-3
What is the value of (32 - 39) + -4 + 17?
6
What is the value of -13 + 19 + (4 - 12)?
-2
-8 - (-6 - (-1 + 2))
-1
What is the value of (2 + -1 - 3) + 5 + 0?
3
Evaluate 7 + -4 + 1 + -2.
2
Evaluate 37 + -44 + 3 + -1.
-5
Evaluate (5 - -1) + (66 - 72).
0
Evaluate (-2 - (0 + -3)) + 3.
4
Evaluate -2 + (6 - 3 - -1).
2
Calculate 3 + (8 - 5 - 4).
2
What is the value of 1 + 3 + -3 + -4?
-3
Calculate -3 - -6 - (-2 + 10 + -5).
0
What is 0 - ((8 - 1) + -13 + 10)?
-4
Evaluate (19 - 18) + -8 + 3.
-4
-2 + (10 - (13 + -6))
1
6 + (-11 - (-5 + (2 - 0)))
-2
Evaluate 7 + -2 - (9 + -16 + 5).
7
-1 - (1 + -10 + 4 + 2)
2
What is (-63 - -65) + (-3 - -1) - -6?
6
Calculate -2 + -1 + 8 + -8.
-3
Calculate 7 + -6 + -4 - 4 - 2.
-9
What is (-5 - (5 + -2)) + 7?
-1
What is the value of -7 + 9 + (0 + 0 - 3)?
-1
Evaluate (-17 - -4 - -9) + (0 - 1).
-5
Evaluate -8 + (1 - (-4 - -1)) + 8.
4
-6 + -4 + (4 - 5 - -8)
-3
What is the value of -2 - (4 + (-2 - 4) - -5)?
-5
Calculate 0 + 6 - (1 + 5 - 0).
0
Calculate -2 + -5 + 1 + 1 + -1.
-6
What is the value of 5 + -7 + -4 + 0?
-6
What is the value of 4 + (2 + 1 - 9)?
-2
What is the value of (4 - (11 + -4)) + (-7 - -1)?
-9
Calculate 7 - ((-3 - -2) + (-2 - -3)).
7
Evaluate -3 + (3 - (-4 + 9) - 0).
-5
What is the value of 0 - (-4 - -5) - (-8 + 8)?
-1
Calculate -1 + (1 - -3 - 5) + -1.
-3
Evaluate -1 - (2 - (5 + (-4 - -3))).
1
2 + (0 - -6 - 7)
1
What is the value of -9 + (4 - 9) + 5 + 4?
-5
4 + -1 + -10 - -5
-2
Calculate -3 + 4 + 6 + -16.
-9
What is the value of (-2 - -4) + -2 - 3?
-3
Calculate -5 + (-5 - -4) - -12.
6
Evaluate -6 + (-4 - -1) + 6 + -1.
-4
Calculate 5 + 6 + -15 + 0.
-4
What is the value of (1 - (3 + -5 + 3)) + -2?
-2
Evaluate -9 - -1 - (-2 - 3).
-3
Calculate 3 - ((-22 - -11) + 13).
1
Evaluate (5 - 1) + 2 + -3.
3
What is 5 + -5 - (0 - 2) - 7?
-5
What is -30 - -17 - -14 - (-1 - -4)?
-2
-2 - (-2 - (4 - (6 + -2)))
0
What is -3 - (-1 + 3) - (-3 + 2)?
-4
What is -9 - -21 - 1 - 11?
0
What is the value of (-1 - -2 - -12) + -7 - 12?
-6
Evaluate (7 - 1) + 5 + 4 + -16.
-1
Evaluate (-3 - 2) + 5 + (1 - 3).
-2
-3 + (3 - -1) + 1 + -4
-2
Evaluate -4 + 0 + 5 + -3.
-2
-1 + (7 - 0) + -4
2
What is 6 - ((-2 - 0) + 4 - 1)?
5
9 - ((3 - (2 - -2)) + 5)
5
What is the value of (16 - 12) + 1 + -2?
3
What is (-4 - -1) + 4 - 2?
-1
Evaluate -4 - -3 - (2 + 0 + 0).
-3
What is 0 - (-2 - (1 + -2))?
1
Calculate 3 - -1 - 5 - (-1 + 1).
-1
What is -7 + (1 - (-11 - -5))?
0
What is (0 - 3) + (24 - 18) + -9?
-6
Evaluate (8 - 0 - (3 - -2)) + -9.
-6
Calculate -4 - (-6 + 3) - (-19 - -22).
-4
What is (1 - 7) + 65 + -53?
6
Calculate 6 - 6 - (3 + -4).
1
Evaluate -7 - (-5 + -12 + 7).
3
What is (-5 + 3 - -9 - 3) + 0?
4
(4 - (-1 + 3)) + 2
4
What is the value of (3 - (2 - 0)) + (-16 - -16)?
1
Evaluate -8 - (-1 - (7 - 3)).
-3
What is the value of -2 - (-3 - -9) - -7?
-1
5 + -4 + (0 - (1 + 2))
-2
Calculate 22 + -36 - (-7 - -1).
-8
Calculate -18 - -4 - (29 - 37).
-6
What is the value of (-2 - -1) + -48 + 42?
-7
Calculate (-15 - -7) + (-3 - -6 - -11).
6
What is the value of 3 - (19 - 6 - 2)?
-8
What is the value of 5 + (0 - (10 - 6) - -3)?
4
-6 - 7 - (-7 + (-1 - -4))
-9
Calculate -18 - (0 + -7) - -5 - -12.
6
What is 2 - ((4 - 9 - -3) + 8)?
-4
4 - ((-3 - -8) + -4) - 6
-3
What is the value of -4 + -3 - -4 - -5?
2
What is -134 + 129 + 8 + 1?
4
What is 9 + 0 + -13 + 0?
-4
9 - (20 + -10) - -7
6
What is -11 + 9 - (0 - -2 - 0)?
-4
What is (-3 - -11) + 1 + -8?
1
Evaluate (7 + -2 - 9) + 9.
5
-2 - -4 - (-18 - -14)
6
7 - (-1 + (11 - 4))
1
What is 8 + (-11 - (-12 - -2))?
7
Evaluate 11 + (-2 - 7) + 2.
4
What is the value of -31 + 23 - (0 + 1 + -4)?
-5
Evaluate 6 + (-1 + 0 + -2 - -1).
4
Evaluate -1 - -4 - (2 + -2).
3
What is -9 - (-8 - (6 - 15))?
-10
What is the value of 5 + -9 + -9 + 13?
0
What is the value of -5 + -1 - (-6 + 1)?
-1
Calculate -5 + 1 + -4 + 3 + 1.
-4
(1 - -5) + (4 - 7)
3
Calculate (-17 - (-2 + -8)) + 13.
6
Calculate -77 + 81 - ((1 - 1) + 1).
3
What is (-4 - -5) + (-4 - (-4 - 3))?
4
Calculate (-20 - -17) + 8 + -1.
4
What is -1 - 1 - (25 - 13 - 7)?
-7
17 + -8 + 10 - 11
8
What is the value of (-6 - (1 - 3) - 3) + 5?
-2
What is (-12 - (-12 + -12)) + -12?
0
What is the value of 11 - 13 - (-2 + -5) - 5?
0
What is 2 + 1 + 1 + (-1 - 3)?
0
What is the value of -1 + 4 - (-1 + 2)?
2
Evaluate -4 + 3 + 2 + 1.
2
What is the value of -46 + 47 + (-6 - 1) + 0?
-6
What is the value of 4 + -6 + 5 + -5 - -4?
2
What is the value of (1 - (2 - 4)) + -52 + 53?
4
Calculate 1 + -2 - ((4 - 4) + -2).
1
What is 14 + -13 + (-10 - -14)?
5
2 - (15 + -6) - -5 - 2
-4
What is (2 - 1) + (4 + 8 - 9)?
4
What is -3 + -5 + 3 + 2?
-3
What is (-3 - 0) + 2 + 4?
3
19 + -15 - (2 + 2 + 2)
-2
Eva